{"id":157,"date":"2015-06-01T18:22:06","date_gmt":"2015-06-01T16:22:06","guid":{"rendered":"http:\/\/aidgovernance.org.gracchus.sui-inter.net\/?page_id=157"},"modified":"2015-06-12T14:31:04","modified_gmt":"2015-06-12T12:31:04","slug":"ueber-uns-3","status":"publish","type":"page","link":"https:\/\/www.aidgovernance.org\/subsidiarygovernance\/ueber-uns-3\/","title":{"rendered":"\u00dcber uns"},"content":{"rendered":"<h2>\u00dcber uns<\/h2>\n<h3>Ein innovatives und dynamisches Unternehmen<\/h3>\n<p>Die Firma Governance Technology AG wurde 2008 mit folgendem Zweck gegr\u00fcndet: \u00abDie Gesellschaft bezweckt Entwicklung und Vermarktung von Modellen, Instrumenten, Consultingmethoden, Schulungen und Software-Tools zur Unterst\u00fctzung der F\u00fchrungs- und Governancefunktion in Projekten, Firmen, Organisationen aller Art sowie Erteilen von Lizenzen.\u00bb<\/p>\n<p><a href=\"http:\/\/aidgovernance.org.gracchus.sui-inter.net\/subsidiarygovernance\/wp-content\/uploads\/2015\/06\/governance_technology.jpg\"><img loading=\"lazy\" class=\"alignnone size-full wp-image-222\" src=\"http:\/\/aidgovernance.org.gracchus.sui-inter.net\/subsidiarygovernance\/wp-content\/uploads\/2015\/06\/governance_technology.jpg\" alt=\"governance_technology\" width=\"647\" height=\"88\" srcset=\"https:\/\/www.aidgovernance.org\/subsidiarygovernance\/wp-content\/uploads\/2015\/06\/governance_technology.jpg 647w, https:\/\/www.aidgovernance.org\/subsidiarygovernance\/wp-content\/uploads\/2015\/06\/governance_technology-300x41.jpg 300w\" sizes=\"(max-width: 647px) 100vw, 647px\" \/><\/a><\/p>\n<p>Die Governance Technology AG hat von der Stiftung Aid Governance die damalig existierende Software, Rechte, Marken und Tools im Zusammenhang mit der Methodik von Governance Assessments erworben. Seither wurde die Methodik von Governance Technology zusammen mit Partnern kontinuierlich weiterentwickelt, einschliesslich patentf\u00e4higer Software-Innovation.<\/p>\n<h3>Mission Statement<\/h3>\n<p>Die Governance Technology AG ist spezialisiert darauf, F\u00fchrungskr\u00e4fte im Top-Management und Governance-Umfeld in ihren F\u00fchrungsprozessen schlagkr\u00e4ftig zu unterst\u00fctzen. Dies geschieht mit technologisch modernen und wissenschaftlich fundierten Instrumenten.<\/p>\n<p>Die ganzheitlichen Assessments sind Hauptbestandteil vom Subsidiary Governance Toolkit und dienen als Startpunkt f\u00fcr Gesch\u00e4ftsverbesserungen. Sie bieten ein hohes Reflexionspotential und k\u00f6nnen von unseren Kunden in grosser Autonomie eingesetzt werden. Governance Technology bietet mit einem Netzwerk an strategischen Partnern Unterst\u00fctzung beim Projekt- und Change Management. Governance Technology engagiert sich ebenfalls in der Bewusstseinsbildung f\u00fcr Governance-Fragen.<\/p>\n<h3>Team<\/h3>\n<p><strong>Patrick Renz\u00a0\u01c0<\/strong><strong> Gr\u00fcnder<\/strong>. Wirtschaftsinformatiker und Promotion im Bereich Governance und Wirtschaftsethik an der HSG. Karriere bei Procter &amp; Gamble. CEO von Consulting und IT-Firmen. 15 Jahre\u00a0Auslanderfahrung. Gr\u00fcnder der Stiftung Aid Governance. Seit 2006 Professor und Forscher an der Hochschule Luzern.<\/p>\n<p><strong>Mosi Mresse\u00a0\u01c0<\/strong><strong> Technologie<\/strong>. Betriebswirt Universit\u00e4t Z\u00fcrich, Promotion Thema der Simulationstechnik. Forschungsjahre am IBM-Research Laboratory in San Jos\u00e9, California, Mitentwicklung des relationalen Datenbanksystems, System R, im Speziellen an SQL. Habilitation am Institut f\u00fcr Informatik der Universit\u00e4t Z\u00fcrich zum Thema \u00abInformation Retrieval\u00bb. Consultant und Coach (Spannungsfeld zwischen Informatik und Betriebswirtschaft, Studien aller Art (z.B. IT-Strategien), Projektf\u00fchrungen und \u2013begleitungen und edukative Aufgaben aller Art (Seminarien, Firmenvortr\u00e4ge). Umfassendes Spezialmandat als CIO der Marc Rich Gruppe. Mitgr\u00fcnder der Aid Governance Stiftung und der Governance Technology AG.<\/p>\n<p><strong>Philipp Brun\u00a0\u01c0<\/strong><strong> Finanzen<\/strong>. Bachelor of Science Business Administration, Fokus Accounting &amp; Controlling.Mehrj\u00e4hrige Erfahrung im Treuhandgesch\u00e4ft (Berufslehre) und als Assistent des Finanzchefs in KMUs. Finanzchef einer Schweizer Unternehmung.<\/p>\n<p><strong>Beat Leisibach\u00a0\u01c0<\/strong><strong>\u00a0Marketing<\/strong>. Betriebs\u00f6konom FH, Studium an der Hochschule Luzern-Wirtschaft, Master of Science Business Administration, Fokus Business Development and Promotion. Mehrj\u00e4hrige Erfahrung in der Informatikbranche (Informatik Berufslehre) und zwei Jahre Business Analyse und Projektleitung bei der Credit Suisse Group.<\/p>\n<p>&nbsp;<\/p>\n<h3><span lang=\"DE-CH\">Technologiepartner und Forschungspartner<\/span><\/h3>\n<p><img src=\"http:\/\/www.aidgovernance.org\/images\/stories\/logos_partner.jpg\" alt=\"\" \/><\/p>\n<h3>Wirtschaftspartner<\/h3>\n<p><img src=\"http:\/\/www.aidgovernance.org\/images\/stories\/logos_wirtschaftspartner.jpg\" alt=\"\" \/><\/p>\n","protected":false},"excerpt":{"rendered":"<p>\u00dcber uns Ein innovatives und dynamisches Unternehmen Die Firma Governance Technology AG wurde 2008 mit folgendem Zweck gegr\u00fcndet: \u00abDie Gesellschaft bezweckt Entwicklung und Vermarktung von Modellen, Instrumenten, Consultingmethoden, Schulungen und Software-Tools zur Unterst\u00fctzung der F\u00fchrungs- und Governancefunktion in Projekten, Firmen, Organisationen aller Art sowie Erteilen von Lizenzen.\u00bb Die Governance Technology AG hat von der Stiftung Aid Governance die damalig existierende Software, Rechte, Marken und Tools im Zusammenhang mit der Methodik von Governance Assessments erworben. Seither wurde die Methodik von Governance Technology zusammen mit Partnern kontinuierlich weiterentwickelt, einschliesslich patentf\u00e4higer Software-Innovation. Mission Statement Die Governance Technology AG ist spezialisiert darauf, F\u00fchrungskr\u00e4fte im Top-Management und Governance-Umfeld in ihren F\u00fchrungsprozessen schlagkr\u00e4ftig zu unterst\u00fctzen. Dies geschieht mit technologisch modernen und wissenschaftlich fundierten Instrumenten. Die ganzheitlichen Assessments sind Hauptbestandteil vom Subsidiary Governance Toolkit und dienen als Startpunkt f\u00fcr Gesch\u00e4ftsverbesserungen. Sie bieten ein hohes Reflexionspotential und k\u00f6nnen von unseren Kunden in grosser Autonomie eingesetzt werden. Governance Technology bietet mit einem Netzwerk an strategischen Partnern Unterst\u00fctzung beim Projekt- und Change Management. Governance Technology engagiert sich ebenfalls in der Bewusstseinsbildung f\u00fcr Governance-Fragen. Team Patrick Renz\u00a0\u01c0 Gr\u00fcnder. Wirtschaftsinformatiker und Promotion im Bereich Governance und Wirtschaftsethik an der HSG. Karriere bei Procter &amp; Gamble. CEO von Consulting und IT-Firmen. 15 Jahre\u00a0Auslanderfahrung. Gr\u00fcnder der Stiftung Aid Governance. Seit 2006 Professor und Forscher an der Hochschule Luzern. Mosi Mresse\u00a0\u01c0 Technologie. Betriebswirt Universit\u00e4t Z\u00fcrich, Promotion Thema der Simulationstechnik. Forschungsjahre am IBM-Research Laboratory in San Jos\u00e9, California, Mitentwicklung des relationalen Datenbanksystems, System R, im Speziellen an SQL. Habilitation am Institut f\u00fcr Informatik der Universit\u00e4t Z\u00fcrich zum Thema \u00abInformation Retrieval\u00bb. Consultant und Coach (Spannungsfeld zwischen Informatik und Betriebswirtschaft, Studien aller Art (z.B. IT-Strategien), Projektf\u00fchrungen und \u2013begleitungen und edukative Aufgaben aller Art (Seminarien, Firmenvortr\u00e4ge). Umfassendes Spezialmandat als CIO der Marc Rich Gruppe. Mitgr\u00fcnder der Aid Governance Stiftung und der Governance Technology AG. Philipp Brun\u00a0\u01c0 Finanzen. Bachelor of Science Business Administration, Fokus Accounting &amp; Controlling.Mehrj\u00e4hrige Erfahrung im Treuhandgesch\u00e4ft (Berufslehre) und als Assistent des Finanzchefs in KMUs. Finanzchef einer Schweizer Unternehmung. Beat Leisibach\u00a0\u01c0\u00a0Marketing. Betriebs\u00f6konom FH, Studium an der Hochschule Luzern-Wirtschaft, Master of Science Business Administration, Fokus Business Development and Promotion. Mehrj\u00e4hrige Erfahrung in der Informatikbranche (Informatik Berufslehre) und zwei Jahre Business Analyse und Projektleitung bei der Credit Suisse Group. &nbsp; Technologiepartner und Forschungspartner Wirtschaftspartner<\/p>\n","protected":false},"author":1,"featured_media":0,"parent":0,"menu_order":0,"comment_status":"open","ping_status":"open","template":"","meta":[],"_links":{"self":[{"href":"https:\/\/www.aidgovernance.org\/subsidiarygovernance\/wp-json\/wp\/v2\/pages\/157"}],"collection":[{"href":"https:\/\/www.aidgovernance.org\/subsidiarygovernance\/wp-json\/wp\/v2\/pages"}],"about":[{"href":"https:\/\/www.aidgovernance.org\/subsidiarygovernance\/wp-json\/wp\/v2\/types\/page"}],"author":[{"embeddable":true,"href":"https:\/\/www.aidgovernance.org\/subsidiarygovernance\/wp-json\/wp\/v2\/users\/1"}],"replies":[{"embeddable":true,"href":"https:\/\/www.aidgovernance.org\/subsidiarygovernance\/wp-json\/wp\/v2\/comments?post=157"}],"version-history":[{"count":10,"href":"https:\/\/www.aidgovernance.org\/subsidiarygovernance\/wp-json\/wp\/v2\/pages\/157\/revisions"}],"predecessor-version":[{"id":238,"href":"https:\/\/www.aidgovernance.org\/subsidiarygovernance\/wp-json\/wp\/v2\/pages\/157\/revisions\/238"}],"wp:attachment":[{"href":"https:\/\/www.aidgovernance.org\/subsidiarygovernance\/wp-json\/wp\/v2\/media?parent=157"}],"curies":[{"name":"wp","href":"https:\/\/api.w.org\/{rel}","templated":true}]}}