{"id":147,"date":"2015-06-01T18:20:12","date_gmt":"2015-06-01T16:20:12","guid":{"rendered":"http:\/\/aidgovernance.org.gracchus.sui-inter.net\/?page_id=147"},"modified":"2015-06-12T14:29:01","modified_gmt":"2015-06-12T12:29:01","slug":"buecher-und-links-2","status":"publish","type":"page","link":"https:\/\/www.aidgovernance.org\/subsidiarygovernance\/buecher-und-links-2\/","title":{"rendered":"B\u00fccher und Downloads"},"content":{"rendered":"<h2>B\u00fccher und Downloads<\/h2>\n<h3>Empfohlene Lekt\u00fcre<\/h3>\n<p><em>Coming soon:<\/em> Stricker, S., Renz, P., L\u00f6tscher, A., Knecht, D. &amp; Riedweg, W. (2015). Soziale Organisationen wirkungsvoll f\u00fchren. Entwicklung dank ganzheitlicher Governance \u2013 ein Fitnessradar. Baden-Baden: Nomos.<\/p>\n<p>Renz, P.S. (2007). Project Governance. Implementing Corporate Governance and Business Ethics in Nonprofit Organizations. Berlin: Physica\/Springer. <a href=\"http:\/\/www.springer.com\/business\/entrepreneurship\/book\/978-3-7908-1926-7\" target=\"_blank\">Bestellen<\/a><\/p>\n<p>Renz, P.S. &amp; B\u00f6hrer. N. (2012). Niederlassungen f\u00fchren. Mit Subsidiary Governance zum Erfolg. Berlin\/Heidelberg: Springer Gabler. <a href=\"http:\/\/www.springer.com\/de\/book\/9783642313868\" target=\"_blank\">Bestellen<\/a><\/p>\n<p>Hilb, M &amp; Renz, P. (2009). New NPO Governance \u2013 Wirksame F\u00fchrung und Aufsicht von Not- for- Profit- Organisationen. Bern: Haupt. <a href=\"http:\/\/www.haupt.ch\/Verlag\/Buecher\/Wirtschaft-Recht\/Betriebswirtschaft\/Wirksame-Fuehrung-und-Aufsicht-von-Not-for-Profit-Organisationen.html?listtype=search&amp;searchparam=new%20npo%20governance\" target=\"_blank\">Bestellen<\/a><\/p>\n<h3>Downloads<\/h3>\n<p><a href=\"http:\/\/www.aidgovernance.org\/wp-content\/uploads\/2015\/05\/Factsheet_subsidiary_governance.pdf\" target=\"_blank\">Factsheet Subsidiary Governance DE<br \/>\n<\/a><a href=\"http:\/\/www.aidgovernance.org\/wp-content\/uploads\/2015\/05\/Factsheet_Subsidiary_Governance_ENGLISH.pdf\" target=\"_blank\">Factsheet Subsidiary Governance EN<br \/>\n<\/a><a href=\"http:\/\/www.aidgovernance.org\/wp-content\/uploads\/2015\/05\/FactsheetSubGov-Methodik.pdf\" target=\"_blank\">Factsheet Methodik Subsidiary Governance DE<\/a><\/p>\n","protected":false},"excerpt":{"rendered":"<p>B\u00fccher und Downloads Empfohlene Lekt\u00fcre Coming soon: Stricker, S., Renz, P., L\u00f6tscher, A., Knecht, D. &amp; Riedweg, W. (2015). Soziale Organisationen wirkungsvoll f\u00fchren. Entwicklung dank ganzheitlicher Governance \u2013 ein Fitnessradar. Baden-Baden: Nomos. Renz, P.S. (2007). Project Governance. Implementing Corporate Governance and Business Ethics in Nonprofit Organizations. Berlin: Physica\/Springer. Bestellen Renz, P.S. &amp; B\u00f6hrer. N. (2012). Niederlassungen f\u00fchren. Mit Subsidiary Governance zum Erfolg. Berlin\/Heidelberg: Springer Gabler. Bestellen Hilb, M &amp; Renz, P. (2009). New NPO Governance \u2013 Wirksame F\u00fchrung und Aufsicht von Not- for- Profit- Organisationen. Bern: Haupt. Bestellen Downloads Factsheet Subsidiary Governance DE Factsheet Subsidiary Governance EN Factsheet Methodik Subsidiary Governance DE<\/p>\n","protected":false},"author":1,"featured_media":0,"parent":0,"menu_order":0,"comment_status":"open","ping_status":"open","template":"","meta":[],"_links":{"self":[{"href":"https:\/\/www.aidgovernance.org\/subsidiarygovernance\/wp-json\/wp\/v2\/pages\/147"}],"collection":[{"href":"https:\/\/www.aidgovernance.org\/subsidiarygovernance\/wp-json\/wp\/v2\/pages"}],"about":[{"href":"https:\/\/www.aidgovernance.org\/subsidiarygovernance\/wp-json\/wp\/v2\/types\/page"}],"author":[{"embeddable":true,"href":"https:\/\/www.aidgovernance.org\/subsidiarygovernance\/wp-json\/wp\/v2\/users\/1"}],"replies":[{"embeddable":true,"href":"https:\/\/www.aidgovernance.org\/subsidiarygovernance\/wp-json\/wp\/v2\/comments?post=147"}],"version-history":[{"count":5,"href":"https:\/\/www.aidgovernance.org\/subsidiarygovernance\/wp-json\/wp\/v2\/pages\/147\/revisions"}],"predecessor-version":[{"id":236,"href":"https:\/\/www.aidgovernance.org\/subsidiarygovernance\/wp-json\/wp\/v2\/pages\/147\/revisions\/236"}],"wp:attachment":[{"href":"https:\/\/www.aidgovernance.org\/subsidiarygovernance\/wp-json\/wp\/v2\/media?parent=147"}],"curies":[{"name":"wp","href":"https:\/\/api.w.org\/{rel}","templated":true}]}}